. Suppose 14 = 3*x - b. What is the remainder when 215 is divided by x?
8
Suppose 5*h - 2829 = 4*x, 3*x + 1133 = 337*h - 335*h. Calculate the remainder when h is divided by 27.
25
Let m = -55878 - -55888. Let f(o) = -o - 5. Let t be f(-5). Suppose 2*h + 42 - 112 = t. What is the remainder when h is divided by m?
5
Calculate the remainder when (-95)/2*(-14536)/115 is divided by 78.
76
Let s = -22 + 24. Suppose -240 = 10*h - s*h. Let m = h + 37. Calculate the remainder when 19 is divided by m.
5
Let z(y) = -y - 7. Let s = 212 - 24. Let p = -172 + s. Calculate the remainder when p is divided by z(-10).
1
Let v = -42 + -48. Let g = -151 - v. Let k = g + 76. What is the remainder when k is divided by 10?
5
Calculate the remainder when 725 is divided by ((-42)/(-4))/((-9)/(-48)).
53
Let u(g) = 33*g**2 + 88*g - 335. Calculate the remainder when u(4) is divided by 184.
177
Let a(d) = d**2 + 15*d - 30. Let n be a(-12). Let t = -61 - n. Calculate the remainder when t is divided by 3.
2
Suppose 5*r - 124 + 79 = 0. Suppose -7*i - 118 = -r*i. What is the remainder when 166 is divided by i?
48
Suppose 45 = -3*d + 27, -5*t = -5*d - 2995. What is the remainder when t is divided by 62?
35
Let z(x) = -3*x**3 - 6*x**2 + 19*x + 8. Let y(v) = v**2 - 5*v - 1. Let s be y(4). Calculate the remainder when z(s) is divided by 7.
5
Let i(a) = a**3 + 13*a**2 - 32*a - 88. Calculate the remainder when 1462 is divided by i(-4).
174
Let j(x) = -3*x**2 + 119*x - 130. Calculate the remainder when 350 is divided by j(38).
50
Let x(h) be the first derivative of 7/2*h**2 - 5/3*h**3 - 1/4*h**4 - 5*h + 18. What is the remainder when x(-7) is divided by 12?
8
Let l = 27 - 10. Suppose -46*x = -38*x - 64. Calculate the remainder when l is divided by (x/(-5))/((-34)/85).
1
Suppose 100 = 45*a - 20*a. Suppose 118 = a*z - 74. Calculate the remainder when 331 is divided by z.
43
Let g be ((-28)/21)/(12/54). Calculate the remainder when 74 is divided by (g/(-4))/((-30)/(-660)).
8
Suppose -85*n = -73*n - 228. Suppose -4*t - 545 = -5*w, -2*w + 15*t + 246 = n*t. Calculate the remainder when w is divided by 38.
37
Suppose 4 = 2*z - 4*z. Let a = z - -6. Suppose -3*g = -3*m - 33, -g - g = a*m + 2. Calculate the remainder when 25 is divided by g.
4
Suppose 0 = -4*c + 22 + 10. Let t be 1 + 22/8 - 2/(-8). Suppose 0 = -t*o - 5*r + 67 + 24, -12 = -4*r. Calculate the remainder when o is divided by c.
3
Suppose -3*y = 502 - 577. Suppose -y = -5*x, -5*j + 5*x + 29 + 131 = 0. What is the remainder when j is divided by 8?
5
Suppose 2*l - 40 = -r, 2*l - 2*r - 3*r = 40. Suppose -6*i + i + l = 0. What is the remainder when 8/3*9/4 is divided by i?
2
Let p = -344 + 506. Let d(w) = 6*w - 10. Let c be d(5). What is the remainder when p is divided by 5/(c/56) - -1?
12
Suppose -2*r = -12*r + 570. Suppose -5*j - 99 = -4*h, 5*j + 7 + 8 = 0. Calculate the remainder when r is divided by h.
15
Let g = 493 + -288. Suppose g = -6*j - 533. Let f = 184 + j. What is the remainder when f is divided by 7?
5
Suppose 3*s - 4*u - 43 = -0*u, -69 = -5*s + 4*u. Suppose -5 = 2*o - 7*o - 5*g, -3*o + s = g. Calculate the remainder when 27 is divided by o.
3
Let q(t) = -43*t**3 + 11*t**2 - 23*t - 87. What is the remainder when q(-5) is divided by 19?
16
Let f(v) = -5*v + 58. Suppose 3*r + 2*c - 65 = 107, r + 5*c - 40 = 0. Suppose -r = -3*w - w. Calculate the remainder when f(0) is divided by w.
13
Suppose 3*m = 3*n + 60, -2*n - 15*m = -12*m + 30. What is the remainder when (45/(-2))/(-5 - 87/n) is divided by 23?
20
Suppose 10*h - 15*h + 8*h = 18. Calculate the remainder when 66 is divided by h.
0
Let p = -123 - -268. Let q = 164 - p. What is the remainder when q is divided by 8?
3
Suppose -105*t + 106*t = -2*d + 470, -2*t - 684 = -3*d. Calculate the remainder when d is divided by 105.
22
Let p(a) = a**2 - 7*a - 17. Let z = -2183 - -2231. Calculate the remainder when z is divided by p(-5).
5
What is the remainder when 183 is divided by -12 - -23 - -3 - (9 + -11)?
7
Let k(f) = 5*f**3 - f**2 + 40*f - 78. What is the remainder when 997 is divided by k(2)?
9
Let h = 333 + -138. Suppose -t = 4*t - h. What is the remainder when t is divided by 14?
11
Let f(l) = -140*l - 461. Calculate the remainder when f(-13) is divided by 81.
63
Let n = 20931 - 20913. Calculate the remainder when -2 - -117 - (2 + 0) is divided by n.
5
Suppose 36*u - 37*u - 22 = -5*j, -2*j = -5*u - 41. Let a = 88 - 22. Let z = a + -26. Calculate the remainder when z is divided by j.
1
Let k(b) = 4*b**3 - b**2 - 2*b. Let g(m) = 45*m**2 + 234*m - 235. Calculate the remainder when g(1) is divided by k(2).
20
What is the remainder when (-4028)/(-18) + (-4)/30*(-70)/42 is divided by 66?
26
Suppose 34*h = 46988 + 64328. Calculate the remainder when h is divided by 29.
26
Let b = 23 + -10. Let p(r) = r**3 + 3*r**2 + 9*r - 174. Calculate the remainder when p(6) is divided by b.
9
Let c(w) = -7*w - 67. What is the remainder when 2*(4/(-10) + 20352/80) is divided by c(-20)?
70
Let j(y) = -164*y - 3588. Suppose 4*b + 27 - 234 = -s, 209 = s + 5*b. Calculate the remainder when s is divided by j(-22).
19
Let l = 156 + -66. Calculate the remainder when 399 is divided by 10/6*(l/6 + 0).
24
Let v(c) be the third derivative of 0 + 0*c + 1/60*c**5 - 13/24*c**4 - 11/6*c**3 - 7*c**2. Calculate the remainder when 8 is divided by v(14).
2
Suppose -4*s - 5*r + 23 = -162, 0 = 4*s + 4*r - 188. Suppose -4*b = -3*o + 1 - 51, 0 = -5*b - 4*o + 78. Calculate the remainder when s is divided by b.
8
Suppose 3 = -357*s + 356*s + 5*c, -2*s = 3*c - 33. Let x(b) = b**3 - 4*b**2 - 7*b + 1. Calculate the remainder when x(6) is divided by s.
7
Calculate the remainder when (-4 - (-4)/2)/(3/(-2157)) is divided by 10.
8
Let t(c) = 476 + 0*c - 466 + 2*c. Let f be t(-4). Suppose -h - 10 = -4*d + 12, -f*d - 3*h = -18. What is the remainder when 18 is divided by d?
0
Let r(d) = 2*d**3 - 44*d**2 - 47*d + 34. Suppose -5*t + 0*t + 755 = 0. What is the remainder when t is divided by r(23)?
8
Suppose 0 = 7*r + 22*r - 37*r + 216. Suppose -5*o + 250 + 125 = 0. Calculate the remainder when o is divided by r.
21
Suppose 3*q - 14 = 4. Suppose t - 46 = 3*c, -3*t - 5*c + 162 = -q*c. Calculate the remainder when t is divided by 24.
7
Suppose 35*a + 17 - 221 = 216. What is the remainder when 372 + -3*(-2)/(-3) is divided by a?
10
Let m(i) = 2 - i**2 - i**2 + 4*i**2 - 16. Let g(l) = -8*l + 86. Let k be g(10). What is the remainder when m(k) is divided by 20?
18
Let y(g) = -27*g - 658. Calculate the remainder when y(-39) is divided by 25.
20
Suppose r + 9 = 5*f + 57, 252 = 4*r - 10*f. Calculate the remainder when 407 is divided by r.
17
Let k(p) = 196*p**2 - 175*p + 68. What is the remainder when k(-6) is divided by 141?
137
Let y be (112/84)/((-5)/3 + 2). Suppose -b + 30 = -2*v, -v - 110 = -y*b + b. What is the remainder when 106 is divided by b?
30
Suppose -5*h + 20 = -3*h. What is the remainder when (8/(-7))/(506/(-1771)) - -44 is divided by h?
8
What is the remainder when 50 is divided by 39*(0 - -1)*(-26)/(-78)?
11
Suppose 0*b - 45 = -3*b. What is the remainder when ((-21546)/105)/(8/(-4)) - (-3)/(-5) is divided by b?
12
Suppose -4*r + 9*r = -3*s + 12013, 5*s - 20026 = -4*r. Calculate the remainder when 8019 is divided by s.
7
Let c = 67 + -45. Let x(o) = o**3 - 5*o**2 - 7*o + 4. Let g be x(7). Suppose 2*z - 267 = -g. What is the remainder when z is divided by c?
19
Let u(f) = -f**2 + 81. Calculate the remainder when 330 is divided by u(8).
7
Suppose 4*y = -5*g + 156 + 1028, -2*g - y + 476 = 0. What is the remainder when 686 is divided by g?
206
Suppose -5*p + 319 = 4*v - 685, -792 = -4*p - 6*v. What is the remainder when p is divided by 6?
0
Suppose y - 306 = 2*u, 3*y + 9*u - 4*u = 863. Suppose -7*k = -y - 789. What is the remainder when k is divided by 26?
25
Let g(s) = 3*s**2 + 25*s - 75. What is the remainder when g(4) is divided by (-1 - -5)/((-2)/(-10))?
13
Suppose -3*b + s + 1055 = 0, -s - 2*s = -2*b + 701. Suppose 32*f + b = 6304. Calculate the remainder when f is divided by 30.
6
Let t(o) = o**2 + 9*o - 8. Let r be t(-8). Let x = r + 18. Suppose -6 = x*z - 3*z. What is the remainder when 17 is divided by z?
5
Suppose 6*b - 16 = -4. Suppose 2*o + b*o = 412. Suppose 7 - o = -6*z. Calculate the remainder when z is divided